{"id":43,"date":"2020-10-29T00:04:58","date_gmt":"2020-10-28T23:04:58","guid":{"rendered":"http:\/\/www.medien-centrum-ellwangen.de\/www\/?page_id=43"},"modified":"2024-10-28T10:54:32","modified_gmt":"2024-10-28T09:54:32","slug":"unsere-amtsblaetter","status":"publish","type":"page","link":"https:\/\/www.medien-centrum-ellwangen.de\/www\/verlag\/unsere-amtsblaetter\/","title":{"rendered":"Unsere Amts- und Mitteilungsbl\u00e4tter"},"content":{"rendered":"\n<p>Wir verlegen in unserem Haus w\u00f6chentlich 13 Amts- und Mitteilungsbl\u00e4tter der Region.<\/p>\n\n\n\n<div class=\"wp-block-columns amtsblaetter is-layout-flex wp-container-core-columns-is-layout-9d6595d7 wp-block-columns-is-layout-flex\">\n<div class=\"wp-block-column is-layout-flow wp-block-column-is-layout-flow\">\n<p>Stadtinfo Ellwangen<br>Auflage: 12.200<\/p>\n\n\n\n<figure class=\"wp-block-image size-large is-style-default img-has-link\"><a href=\"https:\/\/www.medien-centrum-ellwangen.de\/www\/wp-content\/uploads\/2021\/05\/Stadtinfo.pdf\" target=\"_blank\" rel=\"noopener\"><img loading=\"lazy\" decoding=\"async\" width=\"225\" height=\"320\" src=\"https:\/\/www.medien-centrum-ellwangen.de\/www\/wp-content\/uploads\/2020\/11\/stadtinfo-ellwangen.png\" alt=\"\" class=\"wp-image-234\" srcset=\"https:\/\/www.medien-centrum-ellwangen.de\/www\/wp-content\/uploads\/2020\/11\/stadtinfo-ellwangen.png 225w, https:\/\/www.medien-centrum-ellwangen.de\/www\/wp-content\/uploads\/2020\/11\/stadtinfo-ellwangen-211x300.png 211w\" sizes=\"auto, (max-width: 225px) 100vw, 225px\" \/><\/a><\/figure>\n<\/div>\n\n\n\n<div class=\"wp-block-column is-layout-flow wp-block-column-is-layout-flow\">\n<p>Fachsenf.\/Dew.<br>Auflage: 1650<\/p>\n\n\n\n<figure class=\"wp-block-image size-full is-style-default img-has-link\"><a href=\"https:\/\/www.medien-centrum-ellwangen.de\/www\/wp-content\/uploads\/2024\/09\/Fachsenfeld_25.pdf\" target=\"_blank\" rel=\"noopener\"><img loading=\"lazy\" decoding=\"async\" width=\"300\" height=\"426\" src=\"https:\/\/www.medien-centrum-ellwangen.de\/www\/wp-content\/uploads\/2024\/09\/Fachsenfeld_25-1.jpg\" alt=\"\" class=\"wp-image-12192\" srcset=\"https:\/\/www.medien-centrum-ellwangen.de\/www\/wp-content\/uploads\/2024\/09\/Fachsenfeld_25-1.jpg 300w, https:\/\/www.medien-centrum-ellwangen.de\/www\/wp-content\/uploads\/2024\/09\/Fachsenfeld_25-1-211x300.jpg 211w\" sizes=\"auto, (max-width: 300px) 100vw, 300px\" \/><\/a><\/figure>\n<\/div>\n\n\n\n<div class=\"wp-block-column is-layout-flow wp-block-column-is-layout-flow\">\n<p>Westhausen <br>Auflage: 1600<\/p>\n\n\n\n<figure class=\"wp-block-image size-large is-style-default img-has-link\"><a href=\"https:\/\/www.medien-centrum-ellwangen.de\/www\/wp-content\/uploads\/2021\/05\/Westhausen.pdf\" target=\"_blank\" rel=\"noopener\"><img loading=\"lazy\" decoding=\"async\" width=\"225\" height=\"320\" src=\"https:\/\/www.medien-centrum-ellwangen.de\/www\/wp-content\/uploads\/2020\/11\/westhausen.png\" alt=\"\" class=\"wp-image-249\" srcset=\"https:\/\/www.medien-centrum-ellwangen.de\/www\/wp-content\/uploads\/2020\/11\/westhausen.png 225w, https:\/\/www.medien-centrum-ellwangen.de\/www\/wp-content\/uploads\/2020\/11\/westhausen-211x300.png 211w\" sizes=\"auto, (max-width: 225px) 100vw, 225px\" \/><\/a><\/figure>\n<\/div>\n\n\n\n<div class=\"wp-block-column is-layout-flow wp-block-column-is-layout-flow\">\n<p>Lauchheim<br>Auflage: 1270<\/p>\n\n\n\n<figure class=\"wp-block-image size-large is-style-default img-has-link\"><a href=\"https:\/\/www.medien-centrum-ellwangen.de\/www\/wp-content\/uploads\/2021\/05\/Lauchheim.pdf\" target=\"_blank\" rel=\"noopener\"><img loading=\"lazy\" decoding=\"async\" width=\"225\" height=\"320\" src=\"https:\/\/www.medien-centrum-ellwangen.de\/www\/wp-content\/uploads\/2020\/11\/lauchheim-1.png\" alt=\"\" class=\"wp-image-252\" srcset=\"https:\/\/www.medien-centrum-ellwangen.de\/www\/wp-content\/uploads\/2020\/11\/lauchheim-1.png 225w, https:\/\/www.medien-centrum-ellwangen.de\/www\/wp-content\/uploads\/2020\/11\/lauchheim-1-211x300.png 211w\" sizes=\"auto, (max-width: 225px) 100vw, 225px\" \/><\/a><\/figure>\n<\/div>\n\n\n\n<div class=\"wp-block-column is-layout-flow wp-block-column-is-layout-flow\">\n<p>Neuler<br>Auflage: 1.030<\/p>\n\n\n\n<figure class=\"wp-block-image size-large is-style-default img-has-link\"><a href=\"https:\/\/www.medien-centrum-ellwangen.de\/www\/wp-content\/uploads\/2021\/05\/Neuler.pdf\" target=\"_blank\" rel=\"noopener\"><img loading=\"lazy\" decoding=\"async\" width=\"225\" height=\"320\" src=\"https:\/\/www.medien-centrum-ellwangen.de\/www\/wp-content\/uploads\/2020\/11\/neuler-1.png\" alt=\"\" class=\"wp-image-253\" srcset=\"https:\/\/www.medien-centrum-ellwangen.de\/www\/wp-content\/uploads\/2020\/11\/neuler-1.png 225w, https:\/\/www.medien-centrum-ellwangen.de\/www\/wp-content\/uploads\/2020\/11\/neuler-1-211x300.png 211w\" sizes=\"auto, (max-width: 225px) 100vw, 225px\" \/><\/a><\/figure>\n<\/div>\n<\/div>\n\n\n\n<hr class=\"wp-block-separator has-alpha-channel-opacity\"\/>\n\n\n\n<div class=\"wp-block-columns amtsblaetter is-layout-flex wp-container-core-columns-is-layout-9d6595d7 wp-block-columns-is-layout-flex\">\n<div class=\"wp-block-column is-layout-flow wp-block-column-is-layout-flow\">\n<p>Wasseralfingen<br>Auflage: 830<\/p>\n\n\n\n<figure class=\"wp-block-image size-large is-style-default img-has-link\"><a href=\"https:\/\/www.medien-centrum-ellwangen.de\/www\/wp-content\/uploads\/2021\/05\/Wasseralfinger_Anzeiger.pdf\" target=\"_blank\" rel=\"noopener\"><img loading=\"lazy\" decoding=\"async\" width=\"225\" height=\"320\" src=\"https:\/\/www.medien-centrum-ellwangen.de\/www\/wp-content\/uploads\/2020\/11\/wasseralfingen.png\" alt=\"\" class=\"wp-image-248\" srcset=\"https:\/\/www.medien-centrum-ellwangen.de\/www\/wp-content\/uploads\/2020\/11\/wasseralfingen.png 225w, https:\/\/www.medien-centrum-ellwangen.de\/www\/wp-content\/uploads\/2020\/11\/wasseralfingen-211x300.png 211w\" sizes=\"auto, (max-width: 225px) 100vw, 225px\" \/><\/a><\/figure>\n<\/div>\n\n\n\n<div class=\"wp-block-column is-layout-flow wp-block-column-is-layout-flow\">\n<p>St\u00f6dtlen<br>Auflage: 610<\/p>\n\n\n\n<figure class=\"wp-block-image size-large is-style-default img-has-link\"><a href=\"https:\/\/www.medien-centrum-ellwangen.de\/www\/wp-content\/uploads\/2021\/05\/Stoedtlen.pdf\" target=\"_blank\" rel=\"noopener\"><img loading=\"lazy\" decoding=\"async\" width=\"225\" height=\"320\" src=\"https:\/\/www.medien-centrum-ellwangen.de\/www\/wp-content\/uploads\/2020\/11\/stoedtlen-1.png\" alt=\"\" class=\"wp-image-256\" srcset=\"https:\/\/www.medien-centrum-ellwangen.de\/www\/wp-content\/uploads\/2020\/11\/stoedtlen-1.png 225w, https:\/\/www.medien-centrum-ellwangen.de\/www\/wp-content\/uploads\/2020\/11\/stoedtlen-1-211x300.png 211w\" sizes=\"auto, (max-width: 225px) 100vw, 225px\" \/><\/a><\/figure>\n<\/div>\n\n\n\n<div class=\"wp-block-column is-layout-flow wp-block-column-is-layout-flow\">\n<p>Adelmannsfelden<br>Auflage: 580<\/p>\n\n\n\n<figure class=\"wp-block-image size-large is-style-default img-has-link\"><a href=\"https:\/\/www.medien-centrum-ellwangen.de\/www\/wp-content\/uploads\/2021\/05\/Adelmannsfelden.pdf\" target=\"_blank\" rel=\"noopener\"><img loading=\"lazy\" decoding=\"async\" width=\"225\" height=\"320\" src=\"https:\/\/www.medien-centrum-ellwangen.de\/www\/wp-content\/uploads\/2020\/11\/adelmannsfelden.png\" alt=\"\" class=\"wp-image-250\" srcset=\"https:\/\/www.medien-centrum-ellwangen.de\/www\/wp-content\/uploads\/2020\/11\/adelmannsfelden.png 225w, https:\/\/www.medien-centrum-ellwangen.de\/www\/wp-content\/uploads\/2020\/11\/adelmannsfelden-211x300.png 211w\" sizes=\"auto, (max-width: 225px) 100vw, 225px\" \/><\/a><\/figure>\n<\/div>\n\n\n\n<div class=\"wp-block-column is-layout-flow wp-block-column-is-layout-flow\">\n<p>Ruppertshofen<br>Auflage: 480<\/p>\n\n\n\n<figure class=\"wp-block-image size-large is-style-default img-has-link\"><a href=\"https:\/\/www.medien-centrum-ellwangen.de\/www\/wp-content\/uploads\/2021\/05\/Ruppertshofen.pdf\" target=\"_blank\" rel=\"noopener\"><img loading=\"lazy\" decoding=\"async\" width=\"225\" height=\"320\" src=\"https:\/\/www.medien-centrum-ellwangen.de\/www\/wp-content\/uploads\/2020\/11\/ruppertshofen-1.png\" alt=\"\" class=\"wp-image-254\" srcset=\"https:\/\/www.medien-centrum-ellwangen.de\/www\/wp-content\/uploads\/2020\/11\/ruppertshofen-1.png 225w, https:\/\/www.medien-centrum-ellwangen.de\/www\/wp-content\/uploads\/2020\/11\/ruppertshofen-1-211x300.png 211w\" sizes=\"auto, (max-width: 225px) 100vw, 225px\" \/><\/a><\/figure>\n<\/div>\n\n\n\n<div class=\"wp-block-column is-layout-flow wp-block-column-is-layout-flow\">\n<p>T\u00e4ferrot<br>Auflage: 280<\/p>\n\n\n\n<figure class=\"wp-block-image size-large is-style-default img-has-link\"><a href=\"https:\/\/www.medien-centrum-ellwangen.de\/www\/wp-content\/uploads\/2021\/05\/Taeferrot.pdf\" target=\"_blank\" rel=\"noopener\"><img loading=\"lazy\" decoding=\"async\" width=\"225\" height=\"320\" src=\"https:\/\/www.medien-centrum-ellwangen.de\/www\/wp-content\/uploads\/2020\/11\/taeferrot-1.png\" alt=\"\" class=\"wp-image-257\" srcset=\"https:\/\/www.medien-centrum-ellwangen.de\/www\/wp-content\/uploads\/2020\/11\/taeferrot-1.png 225w, https:\/\/www.medien-centrum-ellwangen.de\/www\/wp-content\/uploads\/2020\/11\/taeferrot-1-211x300.png 211w\" sizes=\"auto, (max-width: 225px) 100vw, 225px\" \/><\/a><\/figure>\n<\/div>\n<\/div>\n\n\n\n<hr class=\"wp-block-separator has-alpha-channel-opacity\"\/>\n\n\n\n<div class=\"wp-block-columns amtsblaetter is-layout-flex wp-container-core-columns-is-layout-9d6595d7 wp-block-columns-is-layout-flex\">\n<div class=\"wp-block-column is-layout-flow wp-block-column-is-layout-flow\">\n<p>Abtsgm\u00fcnd<br>Auflage: 1.900<\/p>\n\n\n\n<figure class=\"wp-block-image size-full is-style-default img-has-link\"><a href=\"https:\/\/www.medien-centrum-ellwangen.de\/www\/wp-content\/uploads\/2024\/04\/Abtsgmuend_10g_web.pdf\" target=\"_blank\" rel=\"noreferrer noopener\"><img loading=\"lazy\" decoding=\"async\" width=\"609\" height=\"864\" src=\"https:\/\/www.medien-centrum-ellwangen.de\/www\/wp-content\/uploads\/2023\/11\/Titelseite_Abtsgmuend.jpg\" alt=\"\" class=\"wp-image-12106\" srcset=\"https:\/\/www.medien-centrum-ellwangen.de\/www\/wp-content\/uploads\/2023\/11\/Titelseite_Abtsgmuend.jpg 609w, https:\/\/www.medien-centrum-ellwangen.de\/www\/wp-content\/uploads\/2023\/11\/Titelseite_Abtsgmuend-211x300.jpg 211w\" sizes=\"auto, (max-width: 609px) 100vw, 609px\" \/><\/a><\/figure>\n<\/div>\n\n\n\n<div class=\"wp-block-column is-layout-flow wp-block-column-is-layout-flow\">\n<p>Oberkochen<br>Auflage: 4.550<\/p>\n\n\n\n<figure class=\"wp-block-image size-full is-style-default img-has-link\"><a href=\"https:\/\/www.medien-centrum-ellwangen.de\/www\/wp-content\/uploads\/2024\/04\/Oberkochen_6g_web.pdf\" target=\"_blank\" rel=\"noreferrer noopener\"><img loading=\"lazy\" decoding=\"async\" width=\"609\" height=\"864\" src=\"https:\/\/www.medien-centrum-ellwangen.de\/www\/wp-content\/uploads\/2023\/11\/Titelseite_Oberkochen.jpg\" alt=\"\" class=\"wp-image-12107\" srcset=\"https:\/\/www.medien-centrum-ellwangen.de\/www\/wp-content\/uploads\/2023\/11\/Titelseite_Oberkochen.jpg 609w, https:\/\/www.medien-centrum-ellwangen.de\/www\/wp-content\/uploads\/2023\/11\/Titelseite_Oberkochen-211x300.jpg 211w\" sizes=\"auto, (max-width: 609px) 100vw, 609px\" \/><\/a><\/figure>\n<\/div>\n\n\n\n<div class=\"wp-block-column is-layout-flow wp-block-column-is-layout-flow\">\n<p>Bopfingen<br>Auflage: 2.250<\/p>\n\n\n\n<figure class=\"wp-block-image size-full is-style-default img-has-link\"><a href=\"https:\/\/www.medien-centrum-ellwangen.de\/www\/wp-content\/uploads\/2024\/04\/Bopfingen_16g_web.pdf\" target=\"_blank\" rel=\"noreferrer noopener\"><img loading=\"lazy\" decoding=\"async\" width=\"225\" height=\"320\" src=\"https:\/\/www.medien-centrum-ellwangen.de\/www\/wp-content\/uploads\/2024\/02\/bopfingen.png\" alt=\"\" class=\"wp-image-12123\" srcset=\"https:\/\/www.medien-centrum-ellwangen.de\/www\/wp-content\/uploads\/2024\/02\/bopfingen.png 225w, https:\/\/www.medien-centrum-ellwangen.de\/www\/wp-content\/uploads\/2024\/02\/bopfingen-211x300.png 211w\" sizes=\"auto, (max-width: 225px) 100vw, 225px\" \/><\/a><\/figure>\n<\/div>\n\n\n\n<div class=\"wp-block-column is-layout-flow wp-block-column-is-layout-flow\">\n<p><\/p>\n<\/div>\n\n\n\n<div class=\"wp-block-column is-layout-flow wp-block-column-is-layout-flow\">\n<p><\/p>\n<\/div>\n<\/div>\n\n\n\n<div style=\"height:100px\" aria-hidden=\"true\" class=\"wp-block-spacer\"><\/div>\n","protected":false},"excerpt":{"rendered":"<p>Wir verlegen in unserem Haus w\u00f6chentlich 13 Amts- und Mitteilungsbl\u00e4tter der Region. Stadtinfo EllwangenAuflage: 12.200 Fachsenf.\/Dew.Auflage: 1650 Westhausen Auflage: 1600 LauchheimAuflage: 1270 NeulerAuflage: 1.030 WasseralfingenAuflage: 830 St\u00f6dtlenAuflage: 610 AdelmannsfeldenAuflage: 580 RuppertshofenAuflage: 480 T\u00e4ferrotAuflage: 280 Abtsgm\u00fcndAuflage: 1.900 OberkochenAuflage: 4.550 BopfingenAuflage: 2.250<\/p>\n","protected":false},"author":1,"featured_media":0,"parent":41,"menu_order":0,"comment_status":"closed","ping_status":"closed","template":"","meta":{"footnotes":""},"class_list":["post-43","page","type-page","status-publish","hentry"],"_links":{"self":[{"href":"https:\/\/www.medien-centrum-ellwangen.de\/www\/wp-json\/wp\/v2\/pages\/43","targetHints":{"allow":["GET"]}}],"collection":[{"href":"https:\/\/www.medien-centrum-ellwangen.de\/www\/wp-json\/wp\/v2\/pages"}],"about":[{"href":"https:\/\/www.medien-centrum-ellwangen.de\/www\/wp-json\/wp\/v2\/types\/page"}],"author":[{"embeddable":true,"href":"https:\/\/www.medien-centrum-ellwangen.de\/www\/wp-json\/wp\/v2\/users\/1"}],"replies":[{"embeddable":true,"href":"https:\/\/www.medien-centrum-ellwangen.de\/www\/wp-json\/wp\/v2\/comments?post=43"}],"version-history":[{"count":0,"href":"https:\/\/www.medien-centrum-ellwangen.de\/www\/wp-json\/wp\/v2\/pages\/43\/revisions"}],"up":[{"embeddable":true,"href":"https:\/\/www.medien-centrum-ellwangen.de\/www\/wp-json\/wp\/v2\/pages\/41"}],"wp:attachment":[{"href":"https:\/\/www.medien-centrum-ellwangen.de\/www\/wp-json\/wp\/v2\/media?parent=43"}],"curies":[{"name":"wp","href":"https:\/\/api.w.org\/{rel}","templated":true}]}}