{"id":91,"date":"2020-11-11T11:02:04","date_gmt":"2020-11-11T10:02:04","guid":{"rendered":"http:\/\/www.medien-centrum-ellwangen.de\/www\/?page_id=91"},"modified":"2021-07-01T14:17:51","modified_gmt":"2021-07-01T12:17:51","slug":"engagement","status":"publish","type":"page","link":"https:\/\/www.medien-centrum-ellwangen.de\/www\/verlag\/engagement\/","title":{"rendered":"Engagement"},"content":{"rendered":"\n<p><strong>Das Medien-Centrum engagiert sich auch sozial und zeigt Flagge gegen Rassismus,<\/strong> <strong>auch in Partnerschaft mit dem Profi-Fu\u00dfballclub VfR Aalen<\/strong>.<\/p>\n\n\n\n<div class=\"wp-block-columns is-layout-flex wp-container-core-columns-is-layout-9d6595d7 wp-block-columns-is-layout-flex\">\n<div class=\"wp-block-column is-layout-flow wp-block-column-is-layout-flow\">\n<figure class=\"wp-block-image size-large\"><img loading=\"lazy\" decoding=\"async\" width=\"1000\" height=\"238\" src=\"https:\/\/www.medien-centrum-ellwangen.de\/www\/wp-content\/uploads\/2021\/04\/Bild-1.jpg\" alt=\"\" class=\"wp-image-742\" srcset=\"https:\/\/www.medien-centrum-ellwangen.de\/www\/wp-content\/uploads\/2021\/04\/Bild-1.jpg 1000w, https:\/\/www.medien-centrum-ellwangen.de\/www\/wp-content\/uploads\/2021\/04\/Bild-1-300x71.jpg 300w, https:\/\/www.medien-centrum-ellwangen.de\/www\/wp-content\/uploads\/2021\/04\/Bild-1-768x183.jpg 768w\" sizes=\"auto, (max-width: 1000px) 100vw, 1000px\" \/><\/figure>\n<\/div>\n\n\n\n<div class=\"wp-block-column is-layout-flow wp-block-column-is-layout-flow\">\n<p>Das Medien-Centrum Ellwangen engagiert sich seit vielen Jahren auch im sozialen Bereich. So geht die <strong>Ellwanger Adventskinder-Aktion,<\/strong> mit zahlreichen phantasievollen \u201eMit und f\u00fcr Kinder-Aktionen\u201c, auf eine Initiative des Verlages und Klaus Opferkuch zur\u00fcck.<\/p>\n<\/div>\n<\/div>\n\n\n\n<hr class=\"wp-block-separator\"\/>\n\n\n\n<div class=\"wp-block-columns is-layout-flex wp-container-core-columns-is-layout-9d6595d7 wp-block-columns-is-layout-flex\">\n<div class=\"wp-block-column is-layout-flow wp-block-column-is-layout-flow\">\n<p><strong>Der VfR Aalen und das MCE sind seit vielen Jahren Werbepartner.<\/strong> So haben es sich die Aalener Kicker auch nicht nehmen lassen im Ellwanger Waldstadion f\u00fcr die gute Sache mitzuhelfen. Einmal wurde gegen die Stuttgarter Kickers f\u00fcr krebskranke Kinder gekickt, ein andermal traten die Schwarz\/Wei\u00dfen gegen die Spieler des FC Ellwangen an, um Geld f\u00fcr traumatisierte Fl\u00fcchtlingskinder zu sammeln.<\/p>\n\n\n\n<p>\u201eAuch ein Highlight der Anti-Rassismus-Zusammenarbeit des MCE mit dem VfR war die Fahrt von 60 Ellwanger Fans mit einem gecharterten Bus zum Zweitligaspiel der Aalener gegen Dynamo Dresden. Im Stadion und auf dem Rasen wurde vor 8000 Zuschauer f\u00fcr eine gemeinsame Haltung gegen Rassismus demonstriert&nbsp; und das Aktionsb\u00fcndnis \u201eEllwangen bleibt bunt\u201c vorgestellt.<\/p>\n<\/div>\n\n\n\n<div class=\"wp-block-column is-layout-flow wp-block-column-is-layout-flow\">\n<figure class=\"wp-block-image size-large\"><img loading=\"lazy\" decoding=\"async\" width=\"1000\" height=\"616\" src=\"https:\/\/www.medien-centrum-ellwangen.de\/www\/wp-content\/uploads\/2021\/04\/Bild-2.jpg\" alt=\"\" class=\"wp-image-743\" srcset=\"https:\/\/www.medien-centrum-ellwangen.de\/www\/wp-content\/uploads\/2021\/04\/Bild-2.jpg 1000w, https:\/\/www.medien-centrum-ellwangen.de\/www\/wp-content\/uploads\/2021\/04\/Bild-2-300x185.jpg 300w, https:\/\/www.medien-centrum-ellwangen.de\/www\/wp-content\/uploads\/2021\/04\/Bild-2-768x473.jpg 768w\" sizes=\"auto, (max-width: 1000px) 100vw, 1000px\" \/><\/figure>\n\n\n\n<p>Unsere Themenbeilage als PDF:<\/p>\n\n\n\n<p class=\"button\"><a rel=\"noreferrer noopener\" href=\"https:\/\/www.medien-centrum-ellwangen.de\/www\/wp-content\/uploads\/2021\/07\/VfR_Aalen_Beilage_web.pdf\" target=\"_blank\" data-type=\"URL\" data-id=\"https:\/\/www.medien-centrum-ellwangen.de\/www\/wp-content\/uploads\/2021\/07\/VfR_Aalen_Beilage_web.pdf\">100 Jahre &#8211; der VfR Aalen im Jubil\u00e4umsjahr (PDF)<\/a><\/p>\n<\/div>\n<\/div>\n\n\n\n<hr class=\"wp-block-separator\"\/>\n\n\n\n<div class=\"wp-block-columns is-layout-flex wp-container-core-columns-is-layout-9d6595d7 wp-block-columns-is-layout-flex\">\n<div class=\"wp-block-column is-layout-flow wp-block-column-is-layout-flow\">\n<figure class=\"wp-block-image size-large\"><img loading=\"lazy\" decoding=\"async\" width=\"724\" height=\"1024\" src=\"https:\/\/www.medien-centrum-ellwangen.de\/www\/wp-content\/uploads\/2021\/04\/Bild-3-724x1024.jpg\" alt=\"\" class=\"wp-image-744\" srcset=\"https:\/\/www.medien-centrum-ellwangen.de\/www\/wp-content\/uploads\/2021\/04\/Bild-3-724x1024.jpg 724w, https:\/\/www.medien-centrum-ellwangen.de\/www\/wp-content\/uploads\/2021\/04\/Bild-3-212x300.jpg 212w, https:\/\/www.medien-centrum-ellwangen.de\/www\/wp-content\/uploads\/2021\/04\/Bild-3-768x1086.jpg 768w, https:\/\/www.medien-centrum-ellwangen.de\/www\/wp-content\/uploads\/2021\/04\/Bild-3.jpg 1000w\" sizes=\"auto, (max-width: 724px) 100vw, 724px\" \/><\/figure>\n<\/div>\n\n\n\n<div class=\"wp-block-column is-layout-flow wp-block-column-is-layout-flow\">\n<p><strong>Die&nbsp; Kampagne des Medien-Centrum gegen Rassismus und Diskriminierung, \u201eEllwangen bleibt bunt\u201c<\/strong> hat viele solidarische Unterst\u00fctzer in Ellwangen gefunden.<\/p>\n\n\n\n<p>\u00dcber 100 Firmen und Verb\u00e4nde aus dem Handel, die&nbsp; Ortskirchen und Vereine, politischen Gruppierungen, die Stadt Ellwangen, das Landratsamt und das Regierungspr\u00e4sidium unterst\u00fctzen mittlerweile diese Aktion. EBB zeigt immer dann b\u00fcrgerschaftlich und \u00f6ffentlich Flagge, wenn es in der Stadt Ellwangen, der \u201eStadt ohne Rassismus\u201c notwendig sein sollte.<\/p>\n<\/div>\n\n\n\n<div class=\"wp-block-column is-layout-flow wp-block-column-is-layout-flow\">\n<figure class=\"wp-block-image size-large\"><img loading=\"lazy\" decoding=\"async\" width=\"724\" height=\"1024\" src=\"https:\/\/www.medien-centrum-ellwangen.de\/www\/wp-content\/uploads\/2021\/04\/Bild-4-724x1024.jpg\" alt=\"\" class=\"wp-image-745\" srcset=\"https:\/\/www.medien-centrum-ellwangen.de\/www\/wp-content\/uploads\/2021\/04\/Bild-4-724x1024.jpg 724w, https:\/\/www.medien-centrum-ellwangen.de\/www\/wp-content\/uploads\/2021\/04\/Bild-4-212x300.jpg 212w, https:\/\/www.medien-centrum-ellwangen.de\/www\/wp-content\/uploads\/2021\/04\/Bild-4-768x1086.jpg 768w, https:\/\/www.medien-centrum-ellwangen.de\/www\/wp-content\/uploads\/2021\/04\/Bild-4.jpg 1000w\" sizes=\"auto, (max-width: 724px) 100vw, 724px\" \/><\/figure>\n<\/div>\n<\/div>\n\n\n\n<div style=\"height:100px\" aria-hidden=\"true\" class=\"wp-block-spacer\"><\/div>\n","protected":false},"excerpt":{"rendered":"<p>Das Medien-Centrum engagiert sich auch sozial und zeigt Flagge gegen Rassismus, auch in Partnerschaft mit dem Profi-Fu\u00dfballclub VfR Aalen. Das Medien-Centrum Ellwangen engagiert sich seit vielen Jahren auch im sozialen Bereich. So geht die Ellwanger Adventskinder-Aktion, mit zahlreichen phantasievollen \u201eMit und f\u00fcr Kinder-Aktionen\u201c, auf eine Initiative des Verlages und Klaus Opferkuch zur\u00fcck. Der VfR Aalen [&hellip;]<\/p>\n","protected":false},"author":1,"featured_media":0,"parent":41,"menu_order":0,"comment_status":"closed","ping_status":"closed","template":"","meta":{"footnotes":""},"class_list":["post-91","page","type-page","status-publish","hentry"],"_links":{"self":[{"href":"https:\/\/www.medien-centrum-ellwangen.de\/www\/wp-json\/wp\/v2\/pages\/91","targetHints":{"allow":["GET"]}}],"collection":[{"href":"https:\/\/www.medien-centrum-ellwangen.de\/www\/wp-json\/wp\/v2\/pages"}],"about":[{"href":"https:\/\/www.medien-centrum-ellwangen.de\/www\/wp-json\/wp\/v2\/types\/page"}],"author":[{"embeddable":true,"href":"https:\/\/www.medien-centrum-ellwangen.de\/www\/wp-json\/wp\/v2\/users\/1"}],"replies":[{"embeddable":true,"href":"https:\/\/www.medien-centrum-ellwangen.de\/www\/wp-json\/wp\/v2\/comments?post=91"}],"version-history":[{"count":0,"href":"https:\/\/www.medien-centrum-ellwangen.de\/www\/wp-json\/wp\/v2\/pages\/91\/revisions"}],"up":[{"embeddable":true,"href":"https:\/\/www.medien-centrum-ellwangen.de\/www\/wp-json\/wp\/v2\/pages\/41"}],"wp:attachment":[{"href":"https:\/\/www.medien-centrum-ellwangen.de\/www\/wp-json\/wp\/v2\/media?parent=91"}],"curies":[{"name":"wp","href":"https:\/\/api.w.org\/{rel}","templated":true}]}}