{"id":93,"date":"2020-11-11T11:03:20","date_gmt":"2020-11-11T10:03:20","guid":{"rendered":"http:\/\/www.medien-centrum-ellwangen.de\/www\/?page_id=93"},"modified":"2024-09-04T10:35:03","modified_gmt":"2024-09-04T08:35:03","slug":"agb","status":"publish","type":"page","link":"https:\/\/www.medien-centrum-ellwangen.de\/www\/verlag\/agb\/","title":{"rendered":"Allgemeine Gesch\u00e4ftsbedingungen"},"content":{"rendered":"\n<p><strong>f\u00fcr Anzeigenauftr\u00e4ge und Prospektbeilagen<\/strong><\/p>\n\n\n\n<p>F\u00fcr alle dem Verlag erteilten Auftr\u00e4ge f\u00fcr Anzeigen und Prospektbeilagen, auch f\u00fcr k\u00fcnftige, wird hiermit die ausschlie\u00dfliche G\u00fcltigkeit der nachfolgenden allgemeinen Gesch\u00e4ftsbedingungen vereinbart. Abweichungen bed\u00fcrfen f\u00fcr ihre Wirksamkeit der ausdr\u00fccklichen (schriftlichen) Anerkennung durch den Verlag. Das gilt insbesondere auch f\u00fcr eigene Gesch\u00e4ftsbedingungen des Auftraggebers.<\/p>\n\n\n\n<p>\u201eAnzeigenauftrag\u201c im Sinne der allgemeinen Gesch\u00e4ftsbedingungen ist der Vertrag \u00fcber die Ver\u00f6ffentlichung einer oder mehrerer Anzeigen eines Werbungstreibenden oder sonstigen Inserenten in einer Druckschrift zum Zweck der Verbreitung. Anzeigenauftr\u00e4ge k\u00f6nnen vor ihrer Annahme ohne Angabe von Gr\u00fcnden vom Verlag abgelehnt werden. Enth\u00e4lt die Anzeige Bestandteile, von denen der Verlag bef\u00fcrchten muss, dass sie in der \u00d6ffentlichkeit Ansto\u00df erregen oder dass sie gegen gesetzliche Vorschriften versto\u00dfen, kann die komplette Anzeige vom Verlag gestrichen werden und zwar auch noch nach Annahme des Auftrags. Bei allen Auftr\u00e4gen haftet der Auftraggeber f\u00fcr Weiterungen und Sch\u00e4digungen, die sich f\u00fcr den Verlag insbesondere aufgrund presserechtlicher und wettbewerbsrechtlicher Vorschriften aus dem Inhalt des Anzeigen-Auftrags ergeben k\u00f6nnen.<\/p>\n\n\n\n<p>Platzierungsw\u00fcnsche sind ebenso wie W\u00fcnsche des Auftraggebers, die Anzeige in einer bestimmten Nummer oder in einer bestimmten Ausgabe zu ver\u00f6ffentlichen, dann f\u00fcr beide Seiten verbindlich, wenn die gew\u00fcnschte Art der Ver\u00f6ffentlichung vom Verlag best\u00e4tigt wurde. Das bedeutet f\u00fcr den Auftraggeber, dass eine sp\u00e4tere Ver\u00e4nderung oder Stornierung nicht mehr m\u00f6glich ist.<\/p>\n\n\n\n<p>F\u00fcr die rechtzeitige Lieferung des Anzeigenmanuskriptes und einwandfreier Druckunterlagen ist der Auftraggeber verantwortlich. Das Medien-Centrum Ellwangen gew\u00e4hrleistet die drucktechnisch einwandfreie Wiedergabe der Anzeige, sofern vom Auftraggeber geeignete Druckunterlagen zur Verf\u00fcgung gestellt wurden. Druckvorlagen werden nur auf besondere Anforderung an den Auftraggeber zur\u00fcckgesandt. Abweichungen in Gr\u00f6\u00dfe und Gestaltung sind zul\u00e4ssig, soweit der Zweck der Anzeige nicht oder nur unbedeutend davon ber\u00fchrt wird und die Abweichung dem Auftraggeber unter Ber\u00fccksichtigung der Interessen des Verlages zumutbar ist. Solche Abweichungen k\u00f6nnen sich insbesondere aus dem Umstand ergeben, dass der Anzeigentext f\u00fcr die gew\u00fcnschte Anzeigengr\u00f6\u00dfe zu umfangreich ist.<\/p>\n\n\n\n<p>Der Auftraggeber hat bei ganz oder teilweise unleserlichem, unrichtigem oder bei unvollst\u00e4ndigem Abdruck der Anzeige Anspruch auf Zahlungsminderung oder eine einwandfreie Ersatzanzeige, aber nur in dem Ausma\u00df, in dem der Zweck der Anzeige beeintr\u00e4chtigt wurde. Reklamationen m\u00fcssen innerhalb von 14 Tagen nach Rechnungsstellung geltend gemacht werden. Der Verlag haftet &#8211; gleich aus welchem Rechtsgrund &#8211; sofern nicht ausdr\u00fccklich etwas anderes vereinbart ist, nur in den nachstehend aufgef\u00fchrten F\u00e4llen.<\/p>\n\n\n\n<p>Wir haften:<br>a) in voller Schadensh\u00f6he bei Vorsatz und grober Fahrl\u00e4ssigkeit;<br>b) dem Grund nach bei Schadenersatzanspr\u00fcchen wegen von uns zu vertretender Unm\u00f6glichkeit oder bei schuldhafter Verletzung einer vertragswesentlichen Pflicht (Kardinalpflicht) in einer das Erreichen des Vertragszwecks gef\u00e4hrdenden Weise.<\/p>\n\n\n\n<p>In den F\u00e4llen des Absatzes b) ist die Haftung der H\u00f6he nach beschr\u00e4nkt auf den Ersatz des typischen vorhersehbaren Schadens. Anspr\u00fcche wegen mittelbarer Sch\u00e4den, Mangelfolgesch\u00e4den oder wegen entgangenen Gewinns sind ausgeschlossen. Der typischerweise vorhersehbare Schaden \u00fcbersteigt im Hinblick auf den Vertragsgegenstand in keinem Fall das 10-fache Anzeigenentgelt. Eine eventuelle Haftung f\u00fcr das Fehlen zugesicherter Eigenschaften bleibt unber\u00fchrt. Im kaufm\u00e4nnischen Gesch\u00e4ftsverkehr haftet der Verlag auch nicht f\u00fcr die grob fahrl\u00e4ssige Verletzung nicht wesentlicher Vertragspflichten durch Erf\u00fcllungsgehilfen.&nbsp;<\/p>\n\n\n\n<p>Der Verlag kann einen Korrekturabzug nur fertigen, wenn f\u00fcr die Anzeige ein Auftrag vorliegt. Der Auftraggeber tr\u00e4gt die Verantwortung f\u00fcr die Richtigkeit der zur\u00fcckgesandten Korrekturen. Erfolgt die R\u00fccksendung nicht fristgem\u00e4\u00df, gilt die Genehmigung zum Druck als erteilt. Wird ein Auftrag nach Erstellung von Korrekturabz\u00fcgen storniert, wird die angefallene Leistung nach Aufwand berechnet.<\/p>\n\n\n\n<p>Fehlen im Auftrag konkrete Gr\u00f6\u00dfenangaben, wird die tats\u00e4chliche Abdruckh\u00f6he der Preisberechnung zugrunde gelegt. Auf Wunsch wird mit der Rechnung nicht ortsans\u00e4ssigen Kunden ein Beleg der Anzeige geliefert.<\/p>\n\n\n\n<p>Dauerauftr\u00e4ge und Auftr\u00e4ge bis auf Widerruf m\u00fcssen schriftlich gek\u00fcndigt werden. Telefonische Abbestellungen sind f\u00fcr den Verlag nicht verbindlich. Dauerauftr\u00e4ge sind vom Auftraggeber unverz\u00fcglich beim ersten Erscheinen zu \u00fcberpr\u00fcfen. Die Folgen einer versp\u00e4teten Pr\u00fcfung und Reklamation gehen zulasten des Auftraggebers.<br>Bei Anzeigenauftr\u00e4gen insbesondere bei langfristigen Abschl\u00fcssen, erfolgt die Abrechnung aufgrund der zum Zeitpunkt der Ver\u00f6ffentlichung der jeweiligen Anzeige g\u00fcltigen Preisliste.<\/p>\n\n\n\n<p>Werbeagenturen und gewerbsm\u00e4\u00dfige Vermittler erhalten Mittlerprovision vom Grundpreis, sofern sie die gesamte Auftragsabwicklung \u00fcbernehmen. Von erm\u00e4\u00dfigten Preisen (Ortspreisen)\u00a0sowie f\u00fcr Beilagen\u00a0wird keine AE-Provision gew\u00e4hrt.<\/p>\n\n\n\n<p>Bei Anzeigen unter Chiffre-Nr. wendet die Medien-Centrum Ellwangen GmbH f\u00fcr die Verwahrung und rechtzeitige Weitergabe der Angebote die Sorgfalt eines ordentlichen Kaufmannes an. Dar\u00fcber hinaus \u00fcbernimmt sie keine Haftung. Zuschriften auf Chiffre-Anzeigen werden auf normalem Postweg weitergeleitet.<\/p>\n\n\n\n<p>Im Falle h\u00f6herer Gewalt erlischt jede Verpflichtung auf Erf\u00fcllung von Auftr\u00e4gen und Leistung von Schadenersatz. Insbesondere wird kein Schadenersatz f\u00fcr nicht ver\u00f6ffentlichte oder nicht rechtzeitig ver\u00f6ffentlichte Anzeigen und Beilagen geleistet.<\/p>\n\n\n\n<p>Bei Abschluss einer vorherigen Vereinbarung (mehrmalige Ver\u00f6ffentlichungen innerhalb eines Jahres) gelten die in unserem Anzeigentarif festgelegten Rabatte. Rabatte werden nur gew\u00e4hrt, wenn und soweit vor dem Erscheinen der Anzeigen eine Vereinbarung \u00fcber die gesamte Anzeigenmenge getroffen worden ist. Ein Anzeigenabschluss ist nicht \u00fcbertragbar bzw. ein bestehender Vertrag kann nicht \u00fcbernommen werden. Rabatte k\u00f6nnen grunds\u00e4tzlich nur kundenbezogen gew\u00e4hrt werden. Auch bei der Einschaltung von Vermittlern bzw. Werbeagenturen sind die Rabattstaffeln nur anwendbar, wenn derselbe Kunde mit seinem eigenen Anzeigenvolumen die Voraussetzungen hierf\u00fcr erf\u00fcllt. Wird ein Auftrag, f\u00fcr den ein Rabatt vereinbart worden ist, aus Umst\u00e4nden, die der Verlag nicht zu vertreten hat, nicht vollst\u00e4ndig erf\u00fcllt, so beh\u00e4lt sich der Verlag vor, die Differenz zwischen dem im Voraus einger\u00e4umten und dem tats\u00e4chlich dem Umfang der ver\u00f6ffentlichten Anzeigen entsprechenden Nachlass zu berechnen. Vereinbarte Rabatte werden sofort bei jeder Rechnung in Abzug gebracht.<\/p>\n\n\n\n<p>Prospektbeilagen k\u00f6nnen auf Anfrage mit den Mitteilungsbl\u00e4ttern verteilt werden. Der Preis pro Beilage ist aus unserem Tarif ersichtlich. Auf Beilagenrechnungen wird kein Rabatt gew\u00e4hrt. Ansonsten gelten unsere allgemeinen Gesch\u00e4ftsbedingungen.<\/p>\n\n\n\n<p>Aus drucktechnischen Gr\u00fcnden ist der Verlag nur in der Lage, Anzeigen ein- oder zweispaltig abzudrucken, d.h. in einer Breite von 90 mm oder 184 mm. Dementsprechend erfolgt die Berechnung. Dies gilt auch f\u00fcr Druckunterlagen, die vom Auftraggeber zur Verf\u00fcgung gestellt werden. So muss beispielsweise auch bei einer Breite der Druckvorlage von 45 mm ein 90 mm breites Feld verwendet und in Rechnung gestellt werden. Anzeigen-Mindestgr\u00f6\u00dfe ist 20 mm H\u00f6he bei 90 mm Spaltenbreite.<\/p>\n\n\n\n<p>Bei \u00c4nderungen der Anzeigenpreise gelten weiterhin unsere allgemeinen Gesch\u00e4ftsbedingungen. Die Anzeigenpreise verstehen sich zuz\u00fcglich der gesetzlichen Mehrwertsteuer. Die Rechnungsstellung erfolgt in Euro.<\/p>\n\n\n\n<p>Ist der Einzug des Rechnungsbetrages per SEPA-Lastschriftverfahren&nbsp;vereinbart, betr\u00e4gt die Pre-Notificationsfrist 2 Tage.<\/p>\n\n\n\n<p>Die Anzeigenrechnung ist 14 Tage nach Rechnungsstellung rein netto, ohne Abzug f\u00e4llig. Skontoabzug ist nicht zul\u00e4ssig. Im Verzugsfall ist der r\u00fcckst\u00e4ndige Betrag zu den gesetzlichen Zinsen zu verzinsen. Das Medien-Centrum Ellwangen ist in einem solchen Fall nach Setzung einer Nachfrist ferner berechtigt, von der Ver\u00f6ffentlichung weiterer Anzeigen f\u00fcr den Auftraggeber abzusehen und zwar auch dann, wenn zuvor schon eine entsprechende Zusage erteilt worden war.<\/p>\n\n\n\n<p>Sollte eine der vorstehenden Bestimmungen nichtig sein, so ber\u00fchrt das nicht die G\u00fcltigkeit der \u00fcbrigen Bestimmungen.<\/p>\n\n\n\n<p>Erf\u00fcllungsort und Gerichtsstand ist der Sitz des Verlages.<\/p>\n\n\n\n<p>Gesch\u00e4ftsf\u00fchrer Klaus Opferkuch;<br>Ust-IdNr. DE 313788567; Amtsgericht Ulm HRB 735571<\/p>\n","protected":false},"excerpt":{"rendered":"<p>f\u00fcr Anzeigenauftr\u00e4ge und Prospektbeilagen F\u00fcr alle dem Verlag erteilten Auftr\u00e4ge f\u00fcr Anzeigen und Prospektbeilagen, auch f\u00fcr k\u00fcnftige, wird hiermit die ausschlie\u00dfliche G\u00fcltigkeit der nachfolgenden allgemeinen Gesch\u00e4ftsbedingungen vereinbart. Abweichungen bed\u00fcrfen f\u00fcr ihre Wirksamkeit der ausdr\u00fccklichen (schriftlichen) Anerkennung durch den Verlag. Das gilt insbesondere auch f\u00fcr eigene Gesch\u00e4ftsbedingungen des Auftraggebers. \u201eAnzeigenauftrag\u201c im Sinne der allgemeinen Gesch\u00e4ftsbedingungen ist [&hellip;]<\/p>\n","protected":false},"author":1,"featured_media":0,"parent":41,"menu_order":0,"comment_status":"closed","ping_status":"closed","template":"","meta":{"footnotes":""},"class_list":["post-93","page","type-page","status-publish","hentry"],"_links":{"self":[{"href":"https:\/\/www.medien-centrum-ellwangen.de\/www\/wp-json\/wp\/v2\/pages\/93","targetHints":{"allow":["GET"]}}],"collection":[{"href":"https:\/\/www.medien-centrum-ellwangen.de\/www\/wp-json\/wp\/v2\/pages"}],"about":[{"href":"https:\/\/www.medien-centrum-ellwangen.de\/www\/wp-json\/wp\/v2\/types\/page"}],"author":[{"embeddable":true,"href":"https:\/\/www.medien-centrum-ellwangen.de\/www\/wp-json\/wp\/v2\/users\/1"}],"replies":[{"embeddable":true,"href":"https:\/\/www.medien-centrum-ellwangen.de\/www\/wp-json\/wp\/v2\/comments?post=93"}],"version-history":[{"count":0,"href":"https:\/\/www.medien-centrum-ellwangen.de\/www\/wp-json\/wp\/v2\/pages\/93\/revisions"}],"up":[{"embeddable":true,"href":"https:\/\/www.medien-centrum-ellwangen.de\/www\/wp-json\/wp\/v2\/pages\/41"}],"wp:attachment":[{"href":"https:\/\/www.medien-centrum-ellwangen.de\/www\/wp-json\/wp\/v2\/media?parent=93"}],"curies":[{"name":"wp","href":"https:\/\/api.w.org\/{rel}","templated":true}]}}